i = -3. What is the remainder when z is divided by 4?
3
Suppose 219 = -8*o + 771. What is the remainder when o is divided by 12?
9
Suppose 0 = -5*z + 2*c + 21, 0*z + 2*z + 2*c - 14 = 0. Let g = 3 + 0. What is the remainder when z is divided by g?
2
Let i(b) = 3*b + 4. Let q = -10 + 7. Let v be i(q). Let l(p) = -2*p + 7. Calculate the remainder when 49 is divided by l(v).
15
Let o = 97 - 24. Suppose -4*d - o + 29 = 0. Let i = 15 + d. Calculate the remainder when 11 is divided by i.
3
Let y(s) = -11*s**3 + 2*s**2 + 4*s + 1. Suppose x - 5*x + 24 = 0. Calculate the remainder when y(-1) is divided by x.
4
Let x be (3/(-1) - -3) + 4. Let u = 27 - x. Let y(d) = d**2 - 2*d - 3. Calculate the remainder when u is divided by y(5).
11
Let x = -13 + 19. What is the remainder when 34 is divided by x?
4
Let u(w) = 8 + 13*w**2 - w**3 - 7 + 2*w**3 - 13 - w. Suppose -2*o = -0 - 2. What is the remainder when o is divided by u(-13)?
0
Suppose 2*j + 3*s = 6*j + 35, 64 = -5*j - 3*s. Let i = 13 + j. Calculate the remainder when i is divided by 1.
0
Let b = 39 - -4. Suppose 4*k - b + 3 = -5*i, -3*i + 2*k = -24. What is the remainder when 31 is divided by i?
7
Let m(b) = -b**2 + 6*b + 4. Let k be m(6). Let w = k - 2. Calculate the remainder when 6 is divided by w.
0
Suppose 5*p + 0*p = 0. Suppose -4 = 4*o, z = -p*z - o + 5. Let a(c) = 4*c - 3. What is the remainder when 40 is divided by a(z)?
19
Let b be 1/3*(26 + -2 + 3). Let w(f) = 4*f + 7. Let v be w(6). Let n = v - b. What is the remainder when 64 is divided by n?
20
Let o be (-2)/(-6) + (-56)/(-21). Suppose -o*d = -5*i, -2*i + 2*d - 3 = 1. What is the remainder when 4 is divided by i?
1
Suppose 174 = 14*t + 34. What is the remainder when 48 is divided by t?
8
Let y be (-105)/(-14) - 2/(-4). Let p = 12 - y. What is the remainder when 3*(-28)/(-18)*3 is divided by p?
2
Suppose 8*t + 33 = 5*t + 3*y, 5*t + 3*y = -31. Let w = 14 + t. Calculate the remainder when 1/(((-3)/(-1))/51) is divided by w.
5
What is the remainder when 0 - 1 - 40/(-5) is divided by 4?
3
Suppose 10 = -0*r + 2*r. Let j(h) = 10*h - 5. What is the remainder when j(r) is divided by 24?
21
Suppose -12 = -2*w + 2. Let g be (-4)/10 - 384/(-10). Suppose -3*z + g = -z. What is the remainder when z is divided by w?
5
Let w(b) = -3*b - b - 5 + 6*b + 3. Let n be w(4). Suppose -i + 30 = -4*m + n, -m + 48 = 2*i. What is the remainder when i is divided by 13?
11
Suppose -4*y = -9*y + 25. What is the remainder when 46 is divided by y?
1
Let m be 45 + 2/4*4. Let b = m + -23. What is the remainder when b is divided by 13?
11
Suppose -2*p - 2*f = -2, 0*f = -2*p - f. Let z = p - -6. Suppose -55 = -z*g - 3*l, 4*l + l = -4*g + 31. What is the remainder when g is divided by 5?
4
Let w = -3 - -3. Suppose w = -3*t + 5 + 10. Calculate the remainder when 18 is divided by t.
3
Suppose -t = c - 3, -2*c + 31 = -4*t - 5. Let r(q) = q - 4. Let z be r(3). What is the remainder when (92 - z)*1/3 is divided by c?
7
Let y = 4 - 4. Suppose 2*p + 2*w = -y*w - 2, 4*w = 5*p - 22. What is the remainder when 2 is divided by p?
0
Let k(c) = -c - 4. Calculate the remainder when k(-6) is divided by 2.
0
Suppose -m - 5 = -18. What is the remainder when m is divided by ((-14)/4)/((-1)/2)?
6
Let c(s) = s**2 + 5. Let z be c(7). Suppose 0 = -w + 4*w - 3*k - z, -5*w = -k - 74. Calculate the remainder when 27 is divided by w.
13
Let w(v) = 10*v - 11. Let x be w(8). Suppose -4*j - 5*q + 65 = 0, 3*j + 2*q = -22 + x. Calculate the remainder when 44 is divided by j.
14
Suppose -c - 5 = 4*c. Suppose 28 = -2*t + x + 3*x, 0 = -4*t - x - 11. Let g = c - t. Calculate the remainder when 7 is divided by g.
1
Suppose 2*n + 0*r - 110 = r, r - 261 = -5*n. What is the remainder when n is divided by 28?
25
Let d(m) = 3*m**3 - m**2 + m - 1. Let h be (3 + -2)*10/2. Let l(j) = 2*j - 6. What is the remainder when l(h) is divided by d(1)?
0
Let n = 18 + -11. Let f(j) = 12*j**3 + j**2 - j. Let m be (2 - 3)*2/(-2). What is the remainder when f(m) is divided by n?
5
Let v = -66 + 120. Suppose 0*n + 33 = -n. Let p = v + n. What is the remainder when 40 is divided by p?
19
What is the remainder when (-5)/(-10) + 398/4 is divided by 34?
32
Let w = -7 + 8. What is the remainder when 50 is divided by (-1 + (-42)/(-3))*w?
11
Let d(l) = -l**3 - 6*l**2 - l - 3. Let w(t) = -t + 6. Let u be w(6). Suppose 0 = 3*x - u*x - 15. Calculate the remainder when x is divided by d(-6).
2
Calculate the remainder when (-6)/(-9) + 91/3 is divided by 11.
9
Suppose -3*c + 2 = -c. Let a = -81 - -84. What is the remainder when a is divided by (2 - (-1)/(-1)) + c?
1
Suppose 3*v - s + 179 = 0, 3*v + 7*s - 4*s = -183. Let j = -34 - v. Let d(t) = -t**2 - 8*t - 6. Calculate the remainder when j is divided by d(-5).
8
Let s(l) = l**2 + 4*l + 3. Let u be s(5). What is the remainder when 17 is divided by 5*(u/15 - 2)?
5
Let s(b) = -b + 2. What is the remainder when 35 is divided by s(-7)?
8
Let k be 14/6 - 2/6. Suppose 4*l = f + k*l + 5, 4*l - 19 = -f. Let q = 5 - 3. What is the remainder when f is divided by q?
1
Suppose 4 = w + 1. Let y be 12/(-8)*(-128)/w. Let q = -30 + y. Calculate the remainder when q is divided by 18.
16
Let v be (0 - -1) + 3 + -1. Let r = -9 - -13. Suppose 2*f - 18 = v*l, -r*f - 2*l - 3 = -23. Calculate the remainder when f is divided by 4.
2
Suppose -11*j + 310 + 1362 = 0. What is the remainder when j is divided by 51?
50
Let h(c) = c**3 + 11*c**2 - 13*c - 9. Let y be h(-12). Suppose z = -3*j + 59, 5*j + 2*z + y*z = 105. Calculate the remainder when j is divided by 11.
8
Let p = 1 + -4. Let z(c) = -3*c + 2. Calculate the remainder when 21 is divided by z(p).
10
Let f(r) = 2*r**2 - r - 2. Let t be f(-2). Let w(n) = n + 6. What is the remainder when 27 is divided by w(t)?
13
Suppose 0 = -0*b - 2*b + 2*h + 2, 3 = -4*b - 3*h. Suppose b*p - 4*p = -24. What is the remainder when p is divided by 3?
0
Let s = -74 - -106. Let c(l) = -2*l - 3. Let g be c(-4). Suppose -z - s = -g*z. What is the remainder when 31 is divided by z?
7
Suppose -z + 5*z - 92 = 0. Suppose 5 = 5*b - 5*d + 20, 5*d - z = b. What is the remainder when 5 is divided by b?
1
Let w(v) = v**3 - v**2 - 17. Let c be w(0). Let x = -8 - c. What is the remainder when 26 is divided by x?
8
Let s(w) = 0 + w + 3 - 7*w - 1. Suppose -4*v + v = -117. What is the remainder when v is divided by s(-2)?
11
Let g = 32 - 28. Suppose 5*o = -4*c + 68, -4*o - g*c + 20 = -2*o. Suppose 86 = 2*l + 2*v, -l - 4*v + 78 = l. What is the remainder when l is divided by o?
15
Suppose -3*s = -5*r + 92, -2*r - 4*s + 18 = -24. Calculate the remainder when r is divided by 4.
3
Suppose 32 = -5*l + 7*l. Calculate the remainder when 30 is divided by l.
14
Let p(n) = n**3 - 7*n**2 + 2*n + 5. Let x be p(9). Suppose 2 = -y + x. Calculate the remainder when 2/5 - y/(-5) is divided by 13.
11
Let n be (-1)/(-1) + -1 + 4. Suppose n*d - 24 = d. Calculate the remainder when 22 is divided by d.
6
Let u(b) = -6*b**3 + b**2 - 3*b - 5. What is the remainder when u(-2) is divided by 18?
17
Suppose -5*b - 114 = -3*h - 2*b, 2*b = h - 41. Suppose 5*d - y - h = 3*y, -3*y = 5*d - 70. What is the remainder when d is divided by 4?
3
Suppose 19*z - 1008 = 3*z. Calculate the remainder when z is divided by 11.
8
Let n(t) = 17*t - 1. Let u be 27/4 + (-1)/(-4). Let f be n(u). Let h = f + -80. Calculate the remainder when h is divided by 13.
12
Suppose 75 = x + 6. Calculate the remainder when x is divided by 18.
15
Let t be 4/8*(1 - 1). Suppose -14 = -2*w - t*w. What is the remainder when 13 is divided by w?
6
Let c = -183 - -276. Calculate the remainder when c is divided by 16.
13
Suppose -3*r + 22 = 2*t + r, -4*t + 34 = -2*r. What is the remainder when t is divided by 4?
1
Suppose -5*r = -2*r - 147. What is the remainder when r is divided by 17?
15
Let z(p) = -p**3 - 10*p**2 - 12*p - 10. Let c(j) = -6*j**3 + j**2 + 2*j + 1. Let f be c(-1). Let v = -3 - f. Calculate the remainder when z(v) is divided by 10.
7
Let y(v) = -v**2 - 7*v + 3. Let t be y(-6). Let m = 13 - t. Suppose -2*x + 4*h = -46, -4*h - 77 = -m*x + h. What is the remainder when 24 is divided by x?
11
Let h(n) = -7*n + 28. What is the remainder when h(0) is divided by (10/(-3))/((-1)/3)?
8
Let u(t) = -t + 15. Let b be u(7). Let w be 56/9 - 6/27. Let f = b - w. What is